{"id":896,"date":"2023-12-07T17:18:05","date_gmt":"2023-12-07T17:18:05","guid":{"rendered":"https:\/\/flexi.webd.pro\/?page_id=896"},"modified":"2026-01-08T16:32:34","modified_gmt":"2026-01-08T16:32:34","slug":"realizowane-zadania","status":"publish","type":"page","link":"https:\/\/owit.fleximind.pl\/index.php\/realizowane-zadania\/","title":{"rendered":"Nasza oferta"},"content":{"rendered":"<style>.kb-row-layout-id896_3a9609-47 > .kt-row-column-wrap{align-content:start;}:where(.kb-row-layout-id896_3a9609-47 > .kt-row-column-wrap) > .wp-block-kadence-column{justify-content:start;}.kb-row-layout-id896_3a9609-47 > .kt-row-column-wrap{column-gap:var(--global-kb-gap-md, 2rem);row-gap:var(--global-kb-gap-md, 2rem);max-width:var( --global-content-width, 1290px );padding-left:var(--global-content-edge-padding);padding-right:var(--global-content-edge-padding);padding-top:60px;padding-right:20px;padding-bottom:60px;padding-left:20px;grid-template-columns:minmax(0, 1fr);}.kb-row-layout-id896_3a9609-47{background-color:rgba(47,189,11,0.04);}.kb-row-layout-id896_3a9609-47 > .kt-row-layout-overlay{opacity:0.30;}@media all and (max-width: 1024px){.kb-row-layout-id896_3a9609-47 > .kt-row-column-wrap{padding-top:80px;padding-right:150px;padding-left:150px;grid-template-columns:minmax(0, 1fr);}}@media all and (max-width: 767px){.kb-row-layout-id896_3a9609-47 > .kt-row-column-wrap{padding-top:40px;padding-right:30px;padding-left:30px;grid-template-columns:minmax(0, 1fr);}}<\/style><div class=\"kb-row-layout-wrap kb-row-layout-id896_3a9609-47 alignnone kt-row-has-bg wp-block-kadence-rowlayout\"><div class=\"kt-row-column-wrap kt-has-1-columns kt-row-layout-equal kt-tab-layout-inherit kt-mobile-layout-row kt-row-valign-top kb-theme-content-width\">\n<style>.kadence-column896_6a9735-98 > .kt-inside-inner-col,.kadence-column896_6a9735-98 > .kt-inside-inner-col:before{border-top-left-radius:0px;border-top-right-radius:0px;border-bottom-right-radius:0px;border-bottom-left-radius:0px;}.kadence-column896_6a9735-98 > .kt-inside-inner-col{column-gap:var(--global-kb-gap-sm, 1rem);}.kadence-column896_6a9735-98 > .kt-inside-inner-col{flex-direction:column;}.kadence-column896_6a9735-98 > .kt-inside-inner-col > .aligncenter{width:100%;}.kadence-column896_6a9735-98 > .kt-inside-inner-col:before{opacity:0.3;}.kadence-column896_6a9735-98{position:relative;}@media all and (max-width: 1024px){.kadence-column896_6a9735-98 > .kt-inside-inner-col{flex-direction:column;justify-content:center;}}@media all and (max-width: 767px){.kadence-column896_6a9735-98 > .kt-inside-inner-col{flex-direction:column;justify-content:center;}}<\/style>\n<div class=\"wp-block-kadence-column kadence-column896_6a9735-98\"><div class=\"kt-inside-inner-col\"><\/div><\/div>\n\n<\/div><\/div>\n\n<style>.kb-row-layout-id896_4ce4cc-aa > .kt-row-column-wrap{align-content:start;}:where(.kb-row-layout-id896_4ce4cc-aa > .kt-row-column-wrap) > .wp-block-kadence-column{justify-content:start;}.kb-row-layout-id896_4ce4cc-aa > .kt-row-column-wrap{column-gap:var(--global-kb-gap-md, 2rem);row-gap:var(--global-kb-gap-md, 2rem);max-width:var( --global-content-width, 1290px );padding-left:var(--global-content-edge-padding);padding-right:var(--global-content-edge-padding);padding-top:0px;padding-right:20px;padding-bottom:80px;padding-left:20px;grid-template-columns:minmax(0, 1fr);}.kb-row-layout-id896_4ce4cc-aa > .kt-row-layout-overlay{opacity:0.30;}@media all and (max-width: 1024px){.kb-row-layout-id896_4ce4cc-aa > .kt-row-column-wrap{padding-right:150px;padding-left:150px;grid-template-columns:minmax(0, 1fr);}}@media all and (max-width: 767px){.kb-row-layout-id896_4ce4cc-aa > .kt-row-column-wrap{padding-top:40px;padding-right:20px;padding-bottom:30px;padding-left:20px;grid-template-columns:minmax(0, 1fr);}}<\/style><div class=\"kb-row-layout-wrap kb-row-layout-id896_4ce4cc-aa alignnone has-theme-palette8-background-color kt-row-has-bg wp-block-kadence-rowlayout\"><div class=\"kt-row-column-wrap kt-has-1-columns kt-row-layout-equal kt-tab-layout-inherit kt-mobile-layout-row kt-row-valign-top kb-theme-content-width\">\n<style>.kadence-column896_0ceb3d-3a > .kt-inside-inner-col,.kadence-column896_0ceb3d-3a > .kt-inside-inner-col:before{border-top-left-radius:0px;border-top-right-radius:0px;border-bottom-right-radius:0px;border-bottom-left-radius:0px;}.kadence-column896_0ceb3d-3a > .kt-inside-inner-col{column-gap:var(--global-kb-gap-sm, 1rem);}.kadence-column896_0ceb3d-3a > .kt-inside-inner-col{flex-direction:column;}.kadence-column896_0ceb3d-3a > .kt-inside-inner-col > .aligncenter{width:100%;}.kadence-column896_0ceb3d-3a > .kt-inside-inner-col:before{opacity:0.3;}.kadence-column896_0ceb3d-3a{position:relative;}@media all and (max-width: 1024px){.kadence-column896_0ceb3d-3a > .kt-inside-inner-col{flex-direction:column;justify-content:center;}}@media all and (max-width: 767px){.kadence-column896_0ceb3d-3a > .kt-inside-inner-col{flex-direction:column;justify-content:center;}}<\/style>\n<div class=\"wp-block-kadence-column kadence-column896_0ceb3d-3a\"><div class=\"kt-inside-inner-col\"><style>.kb-row-layout-id896_138031-f0 > .kt-row-column-wrap{align-content:start;}:where(.kb-row-layout-id896_138031-f0 > .kt-row-column-wrap) > .wp-block-kadence-column{justify-content:start;}.kb-row-layout-id896_138031-f0 > .kt-row-column-wrap{column-gap:var(--global-kb-gap-md, 2rem);row-gap:var(--global-kb-gap-sm, 1rem);max-width:var( --global-content-width, 1290px );padding-left:var(--global-content-edge-padding);padding-right:var(--global-content-edge-padding);padding-top:38px;padding-right:20px;padding-bottom:80px;padding-left:20px;grid-template-columns:repeat(2, minmax(0, 1fr));}.kb-row-layout-id896_138031-f0{background-color:rgba(247,244,241,0);}.kb-row-layout-id896_138031-f0 > .kt-row-layout-overlay{opacity:0.30;}@media all and (max-width: 1024px){.kb-row-layout-id896_138031-f0 > .kt-row-column-wrap{padding-top:20px;padding-right:150px;padding-bottom:60px;padding-left:150px;grid-template-columns:repeat(2, minmax(0, 1fr));}}@media all and (max-width: 767px){.kb-row-layout-id896_138031-f0 > .kt-row-column-wrap{padding-top:0px;padding-right:30px;padding-bottom:40px;padding-left:30px;grid-template-columns:minmax(0, 1fr);}}<\/style><div class=\"kb-row-layout-wrap kb-row-layout-id896_138031-f0 alignnone kt-row-has-bg wp-block-kadence-rowlayout\"><div class=\"kt-row-column-wrap kt-has-2-columns kt-row-layout-equal kt-tab-layout-inherit kt-mobile-layout-row kt-row-valign-top kb-theme-content-width\">\n<style>.kadence-column896_797834-e5 > .kt-inside-inner-col,.kadence-column896_797834-e5 > .kt-inside-inner-col:before{border-top-left-radius:0px;border-top-right-radius:0px;border-bottom-right-radius:0px;border-bottom-left-radius:0px;}.kadence-column896_797834-e5 > .kt-inside-inner-col{column-gap:var(--global-kb-gap-sm, 1rem);}.kadence-column896_797834-e5 > .kt-inside-inner-col{flex-direction:column;}.kadence-column896_797834-e5 > .kt-inside-inner-col > .aligncenter{width:100%;}.kadence-column896_797834-e5 > .kt-inside-inner-col:before{opacity:0.3;}.kadence-column896_797834-e5{position:relative;}.kadence-column896_797834-e5, .kt-inside-inner-col > .kadence-column896_797834-e5:not(.specificity){margin-right:30px;}@media all and (max-width: 1024px){.kadence-column896_797834-e5 > .kt-inside-inner-col{flex-direction:column;justify-content:center;}}@media all and (max-width: 1024px){.kadence-column896_797834-e5, .kt-inside-inner-col > .kadence-column896_797834-e5:not(.specificity){margin-top:0px;margin-right:0px;margin-bottom:0px;margin-left:0px;}}@media all and (max-width: 767px){.kadence-column896_797834-e5 > .kt-inside-inner-col{flex-direction:column;justify-content:center;}.kadence-column896_797834-e5, .kt-inside-inner-col > .kadence-column896_797834-e5:not(.specificity){margin-top:0px;margin-right:0px;margin-bottom:0px;margin-left:0px;}}<\/style>\n<div class=\"wp-block-kadence-column kadence-column896_797834-e5 inner-column-1\"><div class=\"kt-inside-inner-col\"><style>.kb-row-layout-wrap.wp-block-kadence-rowlayout.kb-row-layout-id896_bc530b-e6{margin-top:50px;}.kb-row-layout-id896_bc530b-e6 > .kt-row-column-wrap{align-content:start;}:where(.kb-row-layout-id896_bc530b-e6 > .kt-row-column-wrap) > .wp-block-kadence-column{justify-content:start;}.kb-row-layout-id896_bc530b-e6 > .kt-row-column-wrap{column-gap:var(--global-kb-gap-md, 2rem);row-gap:var(--global-kb-gap-md, 2rem);padding-top:0px;padding-right:0px;padding-bottom:0px;padding-left:0px;grid-template-columns:minmax(0, 1fr);}.kb-row-layout-id896_bc530b-e6 > .kt-row-layout-overlay{opacity:0.30;}@media all and (max-width: 1024px){.kb-row-layout-id896_bc530b-e6 > .kt-row-column-wrap{grid-template-columns:minmax(0, 1fr);}}@media all and (max-width: 767px){.kb-row-layout-id896_bc530b-e6 > .kt-row-column-wrap{grid-template-columns:minmax(0, 1fr);}}<\/style><div class=\"kb-row-layout-wrap kb-row-layout-id896_bc530b-e6 alignnone wp-block-kadence-rowlayout\"><div class=\"kt-row-column-wrap kt-has-1-columns kt-row-layout-equal kt-tab-layout-inherit kt-mobile-layout-row kt-row-valign-top\">\n<style>.kadence-column896_17052b-3e > .kt-inside-inner-col{padding-top:20px;padding-right:30px;padding-bottom:20px;padding-left:30px;}.kadence-column896_17052b-3e > .kt-inside-inner-col{box-shadow:4px 4px 9px 0px rgba(68, 139, 77, 0.8);border-top:1px solid var(--global-palette7, #EDF2F7);border-right:1px solid var(--global-palette7, #EDF2F7);border-bottom:1px solid var(--global-palette7, #EDF2F7);border-left:1px solid var(--global-palette7, #EDF2F7);}.kadence-column896_17052b-3e > .kt-inside-inner-col,.kadence-column896_17052b-3e > .kt-inside-inner-col:before{border-top-left-radius:10px;border-top-right-radius:10px;border-bottom-right-radius:10px;border-bottom-left-radius:10px;}.kadence-column896_17052b-3e:hover > .kt-inside-inner-col{border-top:1px solid var(--global-palette1, #3182CE);border-right:1px solid var(--global-palette1, #3182CE);border-bottom:1px solid var(--global-palette1, #3182CE);border-left:1px solid var(--global-palette1, #3182CE);}.kadence-column896_17052b-3e:hover > .kt-inside-inner-col,.kadence-column896_17052b-3e:hover > .kt-inside-inner-col:before{border-top-left-radius:10px;border-top-right-radius:10px;border-bottom-right-radius:10px;border-bottom-left-radius:10px;}.kadence-column896_17052b-3e > .kt-inside-inner-col{column-gap:var(--global-kb-gap-sm, 1rem);}.kadence-column896_17052b-3e > .kt-inside-inner-col{flex-direction:column;}.kadence-column896_17052b-3e > .kt-inside-inner-col > .aligncenter{width:100%;}.kadence-column896_17052b-3e > .kt-inside-inner-col:before{opacity:0.3;}.kadence-column896_17052b-3e{position:relative;}@media all and (max-width: 1024px){.kadence-column896_17052b-3e > .kt-inside-inner-col{border-top:1px solid var(--global-palette7, #EDF2F7);border-right:1px solid var(--global-palette7, #EDF2F7);border-bottom:1px solid var(--global-palette7, #EDF2F7);border-left:1px solid var(--global-palette7, #EDF2F7);flex-direction:column;justify-content:center;}}@media all and (max-width: 1024px){.kadence-column896_17052b-3e:hover > .kt-inside-inner-col{border-top:1px solid var(--global-palette1, #3182CE);border-right:1px solid var(--global-palette1, #3182CE);border-bottom:1px solid var(--global-palette1, #3182CE);border-left:1px solid var(--global-palette1, #3182CE);}}@media all and (max-width: 767px){.kadence-column896_17052b-3e > .kt-inside-inner-col{border-top:1px solid var(--global-palette7, #EDF2F7);border-right:1px solid var(--global-palette7, #EDF2F7);border-bottom:1px solid var(--global-palette7, #EDF2F7);border-left:1px solid var(--global-palette7, #EDF2F7);flex-direction:column;justify-content:center;}.kadence-column896_17052b-3e:hover > .kt-inside-inner-col{border-top:1px solid var(--global-palette1, #3182CE);border-right:1px solid var(--global-palette1, #3182CE);border-bottom:1px solid var(--global-palette1, #3182CE);border-left:1px solid var(--global-palette1, #3182CE);}}<\/style>\n<div class=\"wp-block-kadence-column kadence-column896_17052b-3e kb-section-has-link inner-column-1\"><div class=\"kt-inside-inner-col\"><style>.wp-block-kadence-image.kb-image896_e575c0-d2:not(.kb-specificity-added):not(.kb-extra-specificity-added){margin-bottom:0px;}.kb-image896_e575c0-d2 .kb-image-has-overlay:after{opacity:0.3;}<\/style>\n<div class=\"wp-block-kadence-image kb-image896_e575c0-d2\"><figure class=\"aligncenter\"><img loading=\"lazy\" decoding=\"async\" width=\"300\" height=\"300\" src=\"https:\/\/flexi.webd.pro\/wp-content\/uploads\/2023\/12\/house.png\" alt=\"Piktogram w kolorze czarnym na bia\u0142ym tle dom z rodzin\u0105 w \u015brodku\" class=\"kb-img wp-image-978\" srcset=\"https:\/\/owit.fleximind.pl\/wp-content\/uploads\/2023\/12\/house.png 300w, https:\/\/owit.fleximind.pl\/wp-content\/uploads\/2023\/12\/house-150x150.png 150w\" sizes=\"auto, (max-width: 300px) 100vw, 300px\" \/><\/figure><\/div>\n\n\n<style>.wp-block-kadence-advancedheading.kt-adv-heading896_42a787-fe, .wp-block-kadence-advancedheading.kt-adv-heading896_42a787-fe[data-kb-block=\"kb-adv-heading896_42a787-fe\"]{margin-top:10px;margin-bottom:30px;text-align:center;font-style:normal;text-transform:none;}.wp-block-kadence-advancedheading.kt-adv-heading896_42a787-fe mark.kt-highlight, .wp-block-kadence-advancedheading.kt-adv-heading896_42a787-fe[data-kb-block=\"kb-adv-heading896_42a787-fe\"] mark.kt-highlight{font-style:normal;color:#f76a0c;-webkit-box-decoration-break:clone;box-decoration-break:clone;padding-top:0px;padding-right:0px;padding-bottom:0px;padding-left:0px;}.wp-block-kadence-advancedheading.kt-adv-heading896_42a787-fe img.kb-inline-image, .wp-block-kadence-advancedheading.kt-adv-heading896_42a787-fe[data-kb-block=\"kb-adv-heading896_42a787-fe\"] img.kb-inline-image{width:150px;vertical-align:baseline;}<\/style>\n<h6 class=\"kt-adv-heading896_42a787-fe wp-block-kadence-advancedheading\" data-kb-block=\"kb-adv-heading896_42a787-fe\">Osoby z niepe\u0142nosprawno\u015bciami oraz opiekunowie os\u00f3b z niepe\u0142nosprawno\u015bciami<\/h6>\n\n\n\n<p><\/p>\n<\/div><a href=\"https:\/\/owit.fleximind.pl\/index.php\/utworzenie-i-prowadzenie\/\" class=\"kb-section-link-overlay\"><\/a><\/div>\n\n<\/div><\/div><\/div><\/div>\n\n\n<style>.kadence-column896_7f8013-d6 > .kt-inside-inner-col,.kadence-column896_7f8013-d6 > .kt-inside-inner-col:before{border-top-left-radius:0px;border-top-right-radius:0px;border-bottom-right-radius:0px;border-bottom-left-radius:0px;}.kadence-column896_7f8013-d6 > .kt-inside-inner-col{column-gap:var(--global-kb-gap-sm, 1rem);}.kadence-column896_7f8013-d6 > .kt-inside-inner-col{flex-direction:column;}.kadence-column896_7f8013-d6 > .kt-inside-inner-col > .aligncenter{width:100%;}.kadence-column896_7f8013-d6 > .kt-inside-inner-col:before{opacity:0.3;}.kadence-column896_7f8013-d6{position:relative;}.kadence-column896_7f8013-d6, .kt-inside-inner-col > .kadence-column896_7f8013-d6:not(.specificity){margin-right:20px;margin-left:10px;}@media all and (max-width: 1024px){.kadence-column896_7f8013-d6 > .kt-inside-inner-col{flex-direction:column;justify-content:center;}}@media all and (max-width: 1024px){.kadence-column896_7f8013-d6, .kt-inside-inner-col > .kadence-column896_7f8013-d6:not(.specificity){margin-top:0px;margin-right:0px;margin-bottom:0px;margin-left:0px;}}@media all and (max-width: 767px){.kadence-column896_7f8013-d6 > .kt-inside-inner-col{flex-direction:column;justify-content:center;}.kadence-column896_7f8013-d6, .kt-inside-inner-col > .kadence-column896_7f8013-d6:not(.specificity){margin-top:0px;margin-right:0px;margin-bottom:0px;margin-left:0px;}}<\/style>\n<div class=\"wp-block-kadence-column kadence-column896_7f8013-d6 inner-column-2\"><div class=\"kt-inside-inner-col\"><style>.kb-row-layout-wrap.wp-block-kadence-rowlayout.kb-row-layout-id896_dbc09c-0c{margin-top:50px;}.kb-row-layout-id896_dbc09c-0c > .kt-row-column-wrap{align-content:start;}:where(.kb-row-layout-id896_dbc09c-0c > .kt-row-column-wrap) > .wp-block-kadence-column{justify-content:start;}.kb-row-layout-id896_dbc09c-0c > .kt-row-column-wrap{column-gap:var(--global-kb-gap-md, 2rem);row-gap:var(--global-kb-gap-md, 2rem);padding-top:0px;padding-right:0px;padding-bottom:0px;padding-left:0px;grid-template-columns:minmax(0, 1fr);}.kb-row-layout-id896_dbc09c-0c > .kt-row-layout-overlay{opacity:0.30;}@media all and (max-width: 1024px){.kb-row-layout-id896_dbc09c-0c > .kt-row-column-wrap{grid-template-columns:minmax(0, 1fr);}}@media all and (max-width: 767px){.kb-row-layout-id896_dbc09c-0c > .kt-row-column-wrap{grid-template-columns:minmax(0, 1fr);}}<\/style><div class=\"kb-row-layout-wrap kb-row-layout-id896_dbc09c-0c alignnone wp-block-kadence-rowlayout\"><div class=\"kt-row-column-wrap kt-has-1-columns kt-row-layout-equal kt-tab-layout-inherit kt-mobile-layout-row kt-row-valign-top\">\n<style>.kadence-column896_d75d67-e7 > .kt-inside-inner-col{padding-top:20px;padding-right:30px;padding-bottom:20px;padding-left:30px;}.kadence-column896_d75d67-e7 > .kt-inside-inner-col{box-shadow:4px 4px 9px 0px rgba(68, 139, 77, 0.8);border-top:1px solid var(--global-palette7, #EDF2F7);border-right:1px solid var(--global-palette7, #EDF2F7);border-bottom:1px solid var(--global-palette7, #EDF2F7);border-left:1px solid var(--global-palette7, #EDF2F7);}.kadence-column896_d75d67-e7 > .kt-inside-inner-col,.kadence-column896_d75d67-e7 > .kt-inside-inner-col:before{border-top-left-radius:10px;border-top-right-radius:10px;border-bottom-right-radius:10px;border-bottom-left-radius:10px;}.kadence-column896_d75d67-e7:hover > .kt-inside-inner-col{border-top:1px solid var(--global-palette1, #3182CE);border-right:1px solid var(--global-palette1, #3182CE);border-bottom:1px solid var(--global-palette1, #3182CE);border-left:1px solid var(--global-palette1, #3182CE);}.kadence-column896_d75d67-e7:hover > .kt-inside-inner-col,.kadence-column896_d75d67-e7:hover > .kt-inside-inner-col:before{border-top-left-radius:10px;border-top-right-radius:10px;border-bottom-right-radius:10px;border-bottom-left-radius:10px;}.kadence-column896_d75d67-e7 > .kt-inside-inner-col{column-gap:var(--global-kb-gap-sm, 1rem);}.kadence-column896_d75d67-e7 > .kt-inside-inner-col{flex-direction:column;}.kadence-column896_d75d67-e7 > .kt-inside-inner-col > .aligncenter{width:100%;}.kadence-column896_d75d67-e7 > .kt-inside-inner-col:before{opacity:0.3;}.kadence-column896_d75d67-e7{position:relative;}@media all and (max-width: 1024px){.kadence-column896_d75d67-e7 > .kt-inside-inner-col{border-top:1px solid var(--global-palette7, #EDF2F7);border-right:1px solid var(--global-palette7, #EDF2F7);border-bottom:1px solid var(--global-palette7, #EDF2F7);border-left:1px solid var(--global-palette7, #EDF2F7);flex-direction:column;justify-content:center;}}@media all and (max-width: 1024px){.kadence-column896_d75d67-e7:hover > .kt-inside-inner-col{border-top:1px solid var(--global-palette1, #3182CE);border-right:1px solid var(--global-palette1, #3182CE);border-bottom:1px solid var(--global-palette1, #3182CE);border-left:1px solid var(--global-palette1, #3182CE);}}@media all and (max-width: 767px){.kadence-column896_d75d67-e7 > .kt-inside-inner-col{border-top:1px solid var(--global-palette7, #EDF2F7);border-right:1px solid var(--global-palette7, #EDF2F7);border-bottom:1px solid var(--global-palette7, #EDF2F7);border-left:1px solid var(--global-palette7, #EDF2F7);flex-direction:column;justify-content:center;}.kadence-column896_d75d67-e7:hover > .kt-inside-inner-col{border-top:1px solid var(--global-palette1, #3182CE);border-right:1px solid var(--global-palette1, #3182CE);border-bottom:1px solid var(--global-palette1, #3182CE);border-left:1px solid var(--global-palette1, #3182CE);}}<\/style>\n<div class=\"wp-block-kadence-column kadence-column896_d75d67-e7 kb-section-has-link inner-column-1\"><div class=\"kt-inside-inner-col\"><style>.wp-block-kadence-image.kb-image896_c9af06-06:not(.kb-specificity-added):not(.kb-extra-specificity-added){margin-bottom:0px;}.kb-image896_c9af06-06 .kb-image-has-overlay:after{opacity:0.3;}<\/style>\n<div class=\"wp-block-kadence-image kb-image896_c9af06-06\"><figure class=\"aligncenter\"><img loading=\"lazy\" decoding=\"async\" width=\"300\" height=\"300\" src=\"https:\/\/flexi.webd.pro\/wp-content\/uploads\/2023\/12\/hand.png\" alt=\"Piktogram w kolorze czarnym na bia\u0142ym tle r\u0119ka podajaca w\u00f3zek inwalidzki\" class=\"kb-img wp-image-980\" srcset=\"https:\/\/owit.fleximind.pl\/wp-content\/uploads\/2023\/12\/hand.png 300w, https:\/\/owit.fleximind.pl\/wp-content\/uploads\/2023\/12\/hand-150x150.png 150w\" sizes=\"auto, (max-width: 300px) 100vw, 300px\" \/><\/figure><\/div>\n\n\n<style>.wp-block-kadence-advancedheading.kt-adv-heading896_c70f2b-3e, .wp-block-kadence-advancedheading.kt-adv-heading896_c70f2b-3e[data-kb-block=\"kb-adv-heading896_c70f2b-3e\"]{margin-top:10px;margin-bottom:30px;text-align:center;font-style:normal;text-transform:none;}.wp-block-kadence-advancedheading.kt-adv-heading896_c70f2b-3e mark.kt-highlight, .wp-block-kadence-advancedheading.kt-adv-heading896_c70f2b-3e[data-kb-block=\"kb-adv-heading896_c70f2b-3e\"] mark.kt-highlight{font-style:normal;color:#f76a0c;-webkit-box-decoration-break:clone;box-decoration-break:clone;padding-top:0px;padding-right:0px;padding-bottom:0px;padding-left:0px;}.wp-block-kadence-advancedheading.kt-adv-heading896_c70f2b-3e img.kb-inline-image, .wp-block-kadence-advancedheading.kt-adv-heading896_c70f2b-3e[data-kb-block=\"kb-adv-heading896_c70f2b-3e\"] img.kb-inline-image{width:150px;vertical-align:baseline;}<\/style>\n<h6 class=\"kt-adv-heading896_c70f2b-3e wp-block-kadence-advancedheading\" data-kb-block=\"kb-adv-heading896_c70f2b-3e\">Pracodawcy oraz podmioty prowadz\u0105ce edukacj\u0119 oraz aktywizacj\u0119 zawodow\u0105 i spo\u0142eczn\u0105 os\u00f3b z niepe\u0142nosprawno\u015bciami<\/h6>\n<\/div><a href=\"https:\/\/owit.fleximind.pl\/index.php\/wypozyczalna-technologii-wspomagajacych\/\" class=\"kb-section-link-overlay\"><\/a><\/div>\n\n<\/div><\/div><\/div><\/div>\n\n<\/div><\/div><\/div><\/div>\n\n<\/div><\/div>\n\n\n<hr class=\"wp-block-separator has-alpha-channel-opacity\"\/>\n\n\n\n<div class=\"wp-block-essential-blocks-button root-eb-button-3nzf9r4\"><div class=\"eb-parent-wrapper eb-parent-eb-button-3nzf9r4 \"><div class=\"eb-button-wrapper eb-button-alignment eb-button-3nzf9r4\"><div class=\"eb-button\"><div class=\"eb-button-inner-wrapper \"><a class=\"eb-button-anchor  \" href=\"https:\/\/flexi.webd.pro\/\" rel=\"noopener\">Wr\u00f3\u0107 do poprzedniej strony<\/a><\/div><\/div><\/div><\/div><\/div>\n\n\n\n<p><\/p>\n","protected":false},"excerpt":{"rendered":"<p>Osoby z niepe\u0142nosprawno\u015bciami oraz opiekunowie os\u00f3b z niepe\u0142nosprawno\u015bciami Pracodawcy oraz podmioty prowadz\u0105ce edukacj\u0119 oraz aktywizacj\u0119 zawodow\u0105 i spo\u0142eczn\u0105 os\u00f3b z niepe\u0142nosprawno\u015bciami<\/p>\n","protected":false},"author":2,"featured_media":0,"parent":0,"menu_order":0,"comment_status":"closed","ping_status":"closed","template":"","meta":{"_eb_attr":"","_kadence_starter_templates_imported_post":true,"_kad_post_transparent":"","_kad_post_title":"hide","_kad_post_layout":"fullwidth","_kad_post_sidebar_id":"","_kad_post_content_style":"unboxed","_kad_post_vertical_padding":"hide","_kad_post_feature":"hide","_kad_post_feature_position":"","_kad_post_header":false,"_kad_post_footer":false,"_kad_post_classname":"","footnotes":""},"class_list":["post-896","page","type-page","status-publish","hentry"],"_links":{"self":[{"href":"https:\/\/owit.fleximind.pl\/index.php\/wp-json\/wp\/v2\/pages\/896","targetHints":{"allow":["GET"]}}],"collection":[{"href":"https:\/\/owit.fleximind.pl\/index.php\/wp-json\/wp\/v2\/pages"}],"about":[{"href":"https:\/\/owit.fleximind.pl\/index.php\/wp-json\/wp\/v2\/types\/page"}],"author":[{"embeddable":true,"href":"https:\/\/owit.fleximind.pl\/index.php\/wp-json\/wp\/v2\/users\/2"}],"replies":[{"embeddable":true,"href":"https:\/\/owit.fleximind.pl\/index.php\/wp-json\/wp\/v2\/comments?post=896"}],"version-history":[{"count":24,"href":"https:\/\/owit.fleximind.pl\/index.php\/wp-json\/wp\/v2\/pages\/896\/revisions"}],"predecessor-version":[{"id":1882,"href":"https:\/\/owit.fleximind.pl\/index.php\/wp-json\/wp\/v2\/pages\/896\/revisions\/1882"}],"wp:attachment":[{"href":"https:\/\/owit.fleximind.pl\/index.php\/wp-json\/wp\/v2\/media?parent=896"}],"curies":[{"name":"wp","href":"https:\/\/api.w.org\/{rel}","templated":true}]}}